{"id":24407,"date":"2025-11-27T12:00:23","date_gmt":"2025-11-27T11:00:23","guid":{"rendered":"https:\/\/musikstorkyrkanstjacob.com\/?post_type=tribe_events&#038;p=24407"},"modified":"2025-11-27T13:42:16","modified_gmt":"2025-11-27T12:42:16","slug":"in-the-spirit-of-spring","status":"publish","type":"tribe_events","link":"https:\/\/musikstorkyrkanstjacob.com\/en\/konsert\/in-the-spirit-of-spring\/","title":{"rendered":"In the Spirit of Spring"},"content":{"rendered":"<p>Lyssna till framtidens s\u00e5ngare och instrumentalister som utbildar sig vid<\/p>\n<p>Listen to the next generation of singers and instrumentalists studying at the School of Music and Opera at M\u00e4lardalen University, housed in V\u00e4ster\u00e5s Castle. The students present chamber music and solo works from the Nordic countries, Europe, and North America. The programme includes both newly composed and well-known repertoire \u2013 a spring-inspired mix full of life and renewal.<\/p>\n<p>Chamber music is a multifaceted genre, typically performed by small ensembles of two to ten musicians, though sometimes more. Its distinctive quality lies in the close collaboration between performers. Each instrument plays a vital role and contributes to the whole, requiring communication, sensitivity, and mutual respect. At the School of Music in V\u00e4ster\u00e5s, students are encouraged to explore this collaborative artistry while also developing their individual instrumental or vocal mastery \u2013 both essential for performing at a high professional level. The curriculum alternates between solo and chamber performance, offering varied perspectives on musical expression.<\/p>\n<p>Since 2022, there has been a close collaboration between Stockholm Cathedral Parish and the School of Music and Opera at M\u00e4lardalen University. Since 2024, MOMDU has also offered master\u2019s programmes in both chamber opera and chamber music.<\/p>\n<p><strong>Students from Academy of Music and Opera at M\u00e4lardalen University<\/strong><\/p>\n<p>Programme<br \/>\nBoth chamber music and solo repertoire will be performed during this concert<\/p>\n<p>&nbsp;<\/p>\n<p><strong>Age limit: 6 years and older<\/strong><\/p>\n<p><strong>Free admission<\/strong><\/p>\n<p><strong>Please note that large bags, backpacks, suitcases, and strollers are not allowed in the church!<\/strong><\/p>\n<div class=\"cmsmasters_toggles toggles_mode_accordion\">\n<div class=\"cmsmasters_toggle_wrap\" data-tags=\"all \">\n<div class=\"cmsmasters_toggle_title\">\n<span class=\"cmsmasters_toggle_plus\">\n<span class=\"cmsmasters_toggle_plus_hor\"><\/span>\n<span class=\"cmsmasters_toggle_plus_vert\"><\/span>\n<\/span>\n<a href=\"#\">How do I get there?<\/a>\n<\/div>\n<div class=\"cmsmasters_toggle\">\n<div class=\"cmsmasters_toggle_inner\">\n<p>Storkyrkan \u2013 Stockholm Cathedral is situated in Old Town just beside the Royal Castle. Underground: Old Town or bus to Slottsbacken<\/p>\n<\/div>\n<\/div>\n<\/div><div class=\"cmsmasters_toggle_wrap\" data-tags=\"all \">\n<div class=\"cmsmasters_toggle_title\">\n<span class=\"cmsmasters_toggle_plus\">\n<span class=\"cmsmasters_toggle_plus_hor\"><\/span>\n<span class=\"cmsmasters_toggle_plus_vert\"><\/span>\n<\/span>\n<a href=\"#\">Can I photograph, film or take up sound during the concert?<\/a>\n<\/div>\n<div class=\"cmsmasters_toggle\">\n<div class=\"cmsmasters_toggle_inner\">\n<p>Unfortunately, it is not allowed to photograph, film or take up sound during our concerts.<\/p>\n<\/div>\n<\/div>\n<\/div><div class=\"cmsmasters_toggle_wrap\" data-tags=\"all \">\n<div class=\"cmsmasters_toggle_title\">\n<span class=\"cmsmasters_toggle_plus\">\n<span class=\"cmsmasters_toggle_plus_hor\"><\/span>\n<span class=\"cmsmasters_toggle_plus_vert\"><\/span>\n<\/span>\n<a href=\"#\">Concert day information<\/a>\n<\/div>\n<div class=\"cmsmasters_toggle\">\n<div class=\"cmsmasters_toggle_inner\">\n<\/div>\n<\/div>\n<\/div><\/div>\n","protected":false},"excerpt":{"rendered":"<p>Listen to the next generation of singers and instrumentalists studying at the Academy of Music and Opera at M\u00e4lardalen University, housed in V\u00e4ster\u00e5s Castle. The students present chamber music and solo works from the Nordic countries, Europe, and North America. The programme includes both newly composed and well-known repertoire \u2013 a spring-inspired mix full of life and renewal. <\/p>\n","protected":false},"author":7,"featured_media":24405,"template":"","meta":{"_acf_changed":false,"_tribe_events_status":"","_tribe_events_status_reason":"","_tribe_events_is_hybrid":"","_tribe_events_is_virtual":"","_tribe_events_virtual_video_source":"","_tribe_events_virtual_embed_video":"","_tribe_events_virtual_linked_button_text":"","_tribe_events_virtual_linked_button":"","_tribe_events_virtual_show_embed_at":"","_tribe_events_virtual_show_embed_to":[],"_tribe_events_virtual_show_on_event":"","_tribe_events_virtual_show_on_views":"","_tribe_events_virtual_url":"","footnotes":""},"tags":[],"tribe_events_cat":[201],"class_list":["post-24407","tribe_events","type-tribe_events","status-publish","has-post-thumbnail","hentry","tribe_events_cat-concert","cat_concert"],"acf":[],"_links":{"self":[{"href":"https:\/\/musikstorkyrkanstjacob.com\/en\/wp-json\/wp\/v2\/tribe_events\/24407","targetHints":{"allow":["GET"]}}],"collection":[{"href":"https:\/\/musikstorkyrkanstjacob.com\/en\/wp-json\/wp\/v2\/tribe_events"}],"about":[{"href":"https:\/\/musikstorkyrkanstjacob.com\/en\/wp-json\/wp\/v2\/types\/tribe_events"}],"author":[{"embeddable":true,"href":"https:\/\/musikstorkyrkanstjacob.com\/en\/wp-json\/wp\/v2\/users\/7"}],"version-history":[{"count":1,"href":"https:\/\/musikstorkyrkanstjacob.com\/en\/wp-json\/wp\/v2\/tribe_events\/24407\/revisions"}],"predecessor-version":[{"id":24408,"href":"https:\/\/musikstorkyrkanstjacob.com\/en\/wp-json\/wp\/v2\/tribe_events\/24407\/revisions\/24408"}],"wp:featuredmedia":[{"embeddable":true,"href":"https:\/\/musikstorkyrkanstjacob.com\/en\/wp-json\/wp\/v2\/media\/24405"}],"wp:attachment":[{"href":"https:\/\/musikstorkyrkanstjacob.com\/en\/wp-json\/wp\/v2\/media?parent=24407"}],"wp:term":[{"taxonomy":"post_tag","embeddable":true,"href":"https:\/\/musikstorkyrkanstjacob.com\/en\/wp-json\/wp\/v2\/tags?post=24407"},{"taxonomy":"tribe_events_cat","embeddable":true,"href":"https:\/\/musikstorkyrkanstjacob.com\/en\/wp-json\/wp\/v2\/tribe_events_cat?post=24407"}],"curies":[{"name":"wp","href":"https:\/\/api.w.org\/{rel}","templated":true}]}}

<p>Lyssna till framtidens sångare och instrumentalister som utbildar sig vid</p>
<p>Listen to the next generation of singers and instrumentalists studying at the School of Music and Opera at Mälardalen University, housed in Västerås Castle. The students present chamber music and solo works from the Nordic countries, Europe, and North America. The programme includes both newly composed and well-known repertoire – a spring-inspired mix full of life and renewal.</p>
<p>Chamber music is a multifaceted genre, typically performed by small ensembles of two to ten musicians, though sometimes more. Its distinctive quality lies in the close collaboration between performers. Each instrument plays a vital role and contributes to the whole, requiring communication, sensitivity, and mutual respect. At the School of Music in Västerås, students are encouraged to explore this collaborative artistry while also developing their individual instrumental or vocal mastery – both essential for performing at a high professional level. The curriculum alternates between solo and chamber performance, offering varied perspectives on musical expression.</p>
<p>Since 2022, there has been a close collaboration between Stockholm Cathedral Parish and the School of Music and Opera at Mälardalen University. Since 2024, MOMDU has also offered master’s programmes in both chamber opera and chamber music.</p>
<p><strong>Students from Academy of Music and Opera at Mälardalen University</strong></p>
<p>Programme<br />
Both chamber music and solo repertoire will be performed during this concert</p>
<p>&nbsp;</p>
<p><strong>Age limit: 6 years and older</strong></p>
<p><strong>Free admission</strong></p>
<p><strong>Please note that large bags, backpacks, suitcases, and strollers are not allowed in the church!</strong></p>
<div class="cmsmasters_toggles toggles_mode_accordion">
<div class="cmsmasters_toggle_wrap" data-tags="all ">
<div class="cmsmasters_toggle_title">
<span class="cmsmasters_toggle_plus">
<span class="cmsmasters_toggle_plus_hor"></span>
<span class="cmsmasters_toggle_plus_vert"></span>
</span>
<a href="#">How do I get there?</a>
</div>
<div class="cmsmasters_toggle">
<div class="cmsmasters_toggle_inner">
<p>Storkyrkan – Stockholm Cathedral is situated in Old Town just beside the Royal Castle. Underground: Old Town or bus to Slottsbacken</p>
</div>
</div>
</div><div class="cmsmasters_toggle_wrap" data-tags="all ">
<div class="cmsmasters_toggle_title">
<span class="cmsmasters_toggle_plus">
<span class="cmsmasters_toggle_plus_hor"></span>
<span class="cmsmasters_toggle_plus_vert"></span>
</span>
<a href="#">Can I photograph, film or take up sound during the concert?</a>
</div>
<div class="cmsmasters_toggle">
<div class="cmsmasters_toggle_inner">
<p>Unfortunately, it is not allowed to photograph, film or take up sound during our concerts.</p>
</div>
</div>
</div><div class="cmsmasters_toggle_wrap" data-tags="all ">
<div class="cmsmasters_toggle_title">
<span class="cmsmasters_toggle_plus">
<span class="cmsmasters_toggle_plus_hor"></span>
<span class="cmsmasters_toggle_plus_vert"></span>
</span>
<a href="#">Concert day information</a>
</div>
<div class="cmsmasters_toggle">
<div class="cmsmasters_toggle_inner">
</div>
</div>
</div></div>

<p>Listen to the next generation of singers and instrumentalists studying at the Academy of Music and Opera at Mälardalen University, housed in Västerås Castle. The students present chamber music and solo works from the Nordic countries, Europe, and North America. The programme includes both newly composed and well-known repertoire – a spring-inspired mix full of life and renewal. </p>
