{"id":24446,"date":"2025-11-27T12:00:23","date_gmt":"2025-11-27T11:00:23","guid":{"rendered":"https:\/\/musikstorkyrkanstjacob.com\/?post_type=tribe_events&#038;p=24446"},"modified":"2025-11-27T13:05:59","modified_gmt":"2025-11-27T12:05:59","slug":"organ-concert-improvisation","status":"publish","type":"tribe_events","link":"https:\/\/musikstorkyrkanstjacob.com\/en\/konsert\/organ-concert-improvisation\/","title":{"rendered":"Organ concert | Improvisation"},"content":{"rendered":"<p>Start the weekend with an organ after-work in St. Jacob\u2019s Church. Inger-Lise Ulsrud\u00a0 offers music by Brahms,\u00a0 Bj\u00f8rkhaug, Barraine, Franck and Ulsrud on the church\u2019s world-renowned Marcussen organ.<\/p>\n<p><strong>Johannes Brahms <\/strong>Preludium och fuga g-moll op.posth.<br \/>\n<strong>Petra Bj\u00f8rkhaug <\/strong>Ave Maris Stella ur Impressions<br \/>\n<strong>Elsa Barraine <\/strong>Prelude et fugue Nr. 1<br \/>\n<strong>Inger-Lise Ulsrud <\/strong>Orgelimprovisation<br \/>\n<strong>C\u00e9sar Franck <\/strong>Choral I [E-dur]<\/p>\n<p><strong>Inger-Lise Ulsrud<\/strong> (Norge) orgel<\/p>\n<p>&nbsp;<\/p>\n<p><strong>Age limit: 6 years and older<\/strong><\/p>\n<p><strong>Free admission<\/strong><\/p>\n<p><strong>Please note that large bags, backpacks, suitcases, and strollers are not allowed in the church!<\/strong><\/p>\n<p>&nbsp;<\/p>\n<div class=\"cmsmasters_toggles toggles_mode_accordion\">\n<div class=\"cmsmasters_toggle_wrap\" data-tags=\"all \">\n<div class=\"cmsmasters_toggle_title\">\n<span class=\"cmsmasters_toggle_plus\">\n<span class=\"cmsmasters_toggle_plus_hor\"><\/span>\n<span class=\"cmsmasters_toggle_plus_vert\"><\/span>\n<\/span>\n<a href=\"#\">How do I get there?<\/a>\n<\/div>\n<div class=\"cmsmasters_toggle\">\n<div class=\"cmsmasters_toggle_inner\">\n<p>St. Jacobs church is situated in Kungstr\u00e4dg\u00e5rden just beside the Royal Opera house. Underground or bus to Kungstr\u00e4dg\u00e5rden.<\/p>\n<\/div>\n<\/div>\n<\/div><div class=\"cmsmasters_toggle_wrap\" data-tags=\"all \">\n<div class=\"cmsmasters_toggle_title\">\n<span class=\"cmsmasters_toggle_plus\">\n<span class=\"cmsmasters_toggle_plus_hor\"><\/span>\n<span class=\"cmsmasters_toggle_plus_vert\"><\/span>\n<\/span>\n<a href=\"#\">Can I photograph, film or take up sound during the concert?<\/a>\n<\/div>\n<div class=\"cmsmasters_toggle\">\n<div class=\"cmsmasters_toggle_inner\">\n<p>Unfortunately, it is not allowed to photograph, film or take up sound during our concerts.<\/p>\n<\/div>\n<\/div>\n<\/div><div class=\"cmsmasters_toggle_wrap\" data-tags=\"all \">\n<div class=\"cmsmasters_toggle_title\">\n<span class=\"cmsmasters_toggle_plus\">\n<span class=\"cmsmasters_toggle_plus_hor\"><\/span>\n<span class=\"cmsmasters_toggle_plus_vert\"><\/span>\n<\/span>\n<a href=\"#\">Concert day information<\/a>\n<\/div>\n<div class=\"cmsmasters_toggle\">\n<div class=\"cmsmasters_toggle_inner\">\n<p>Doors open 30 minutes before the concert starts. Late entry will not be permitted after the concert begins. Please be aware that restroom facilities are limited.<\/p>\n<\/div>\n<\/div>\n<\/div><\/div>\n<p>&nbsp;<\/p>\n","protected":false},"excerpt":{"rendered":"<p>Inger-Lise Ulrsrud\u00a0 offers music by Brahms,\u00a0 Bj\u00f8rkhaug, Barraine, Franck and Ulrsrud on the church\u2019s world-renowned Marcussen organ.<\/p>\n","protected":false},"author":7,"featured_media":23802,"template":"","meta":{"_acf_changed":false,"_tribe_events_status":"","_tribe_events_status_reason":"","_tribe_events_is_hybrid":"","_tribe_events_is_virtual":"","_tribe_events_virtual_video_source":"","_tribe_events_virtual_embed_video":"","_tribe_events_virtual_linked_button_text":"","_tribe_events_virtual_linked_button":"","_tribe_events_virtual_show_embed_at":"","_tribe_events_virtual_show_embed_to":[],"_tribe_events_virtual_show_on_event":"","_tribe_events_virtual_show_on_views":"","_tribe_events_virtual_url":"","footnotes":""},"tags":[],"tribe_events_cat":[],"class_list":["post-24446","tribe_events","type-tribe_events","status-publish","has-post-thumbnail","hentry"],"acf":[],"_links":{"self":[{"href":"https:\/\/musikstorkyrkanstjacob.com\/en\/wp-json\/wp\/v2\/tribe_events\/24446","targetHints":{"allow":["GET"]}}],"collection":[{"href":"https:\/\/musikstorkyrkanstjacob.com\/en\/wp-json\/wp\/v2\/tribe_events"}],"about":[{"href":"https:\/\/musikstorkyrkanstjacob.com\/en\/wp-json\/wp\/v2\/types\/tribe_events"}],"author":[{"embeddable":true,"href":"https:\/\/musikstorkyrkanstjacob.com\/en\/wp-json\/wp\/v2\/users\/7"}],"version-history":[{"count":3,"href":"https:\/\/musikstorkyrkanstjacob.com\/en\/wp-json\/wp\/v2\/tribe_events\/24446\/revisions"}],"predecessor-version":[{"id":24449,"href":"https:\/\/musikstorkyrkanstjacob.com\/en\/wp-json\/wp\/v2\/tribe_events\/24446\/revisions\/24449"}],"wp:featuredmedia":[{"embeddable":true,"href":"https:\/\/musikstorkyrkanstjacob.com\/en\/wp-json\/wp\/v2\/media\/23802"}],"wp:attachment":[{"href":"https:\/\/musikstorkyrkanstjacob.com\/en\/wp-json\/wp\/v2\/media?parent=24446"}],"wp:term":[{"taxonomy":"post_tag","embeddable":true,"href":"https:\/\/musikstorkyrkanstjacob.com\/en\/wp-json\/wp\/v2\/tags?post=24446"},{"taxonomy":"tribe_events_cat","embeddable":true,"href":"https:\/\/musikstorkyrkanstjacob.com\/en\/wp-json\/wp\/v2\/tribe_events_cat?post=24446"}],"curies":[{"name":"wp","href":"https:\/\/api.w.org\/{rel}","templated":true}]}}

<p>Start the weekend with an organ after-work in St. Jacob’s Church. Inger-Lise Ulsrud  offers music by Brahms,  Bjørkhaug, Barraine, Franck and Ulsrud on the church’s world-renowned Marcussen organ.</p>
<p><strong>Johannes Brahms </strong>Preludium och fuga g-moll op.posth.<br />
<strong>Petra Bjørkhaug </strong>Ave Maris Stella ur Impressions<br />
<strong>Elsa Barraine </strong>Prelude et fugue Nr. 1<br />
<strong>Inger-Lise Ulsrud </strong>Orgelimprovisation<br />
<strong>César Franck </strong>Choral I [E-dur]</p>
<p><strong>Inger-Lise Ulsrud</strong> (Norge) orgel</p>
<p>&nbsp;</p>
<p><strong>Age limit: 6 years and older</strong></p>
<p><strong>Free admission</strong></p>
<p><strong>Please note that large bags, backpacks, suitcases, and strollers are not allowed in the church!</strong></p>
<p>&nbsp;</p>
<div class="cmsmasters_toggles toggles_mode_accordion">
<div class="cmsmasters_toggle_wrap" data-tags="all ">
<div class="cmsmasters_toggle_title">
<span class="cmsmasters_toggle_plus">
<span class="cmsmasters_toggle_plus_hor"></span>
<span class="cmsmasters_toggle_plus_vert"></span>
</span>
<a href="#">How do I get there?</a>
</div>
<div class="cmsmasters_toggle">
<div class="cmsmasters_toggle_inner">
<p>St. Jacobs church is situated in Kungsträdgården just beside the Royal Opera house. Underground or bus to Kungsträdgården.</p>
</div>
</div>
</div><div class="cmsmasters_toggle_wrap" data-tags="all ">
<div class="cmsmasters_toggle_title">
<span class="cmsmasters_toggle_plus">
<span class="cmsmasters_toggle_plus_hor"></span>
<span class="cmsmasters_toggle_plus_vert"></span>
</span>
<a href="#">Can I photograph, film or take up sound during the concert?</a>
</div>
<div class="cmsmasters_toggle">
<div class="cmsmasters_toggle_inner">
<p>Unfortunately, it is not allowed to photograph, film or take up sound during our concerts.</p>
</div>
</div>
</div><div class="cmsmasters_toggle_wrap" data-tags="all ">
<div class="cmsmasters_toggle_title">
<span class="cmsmasters_toggle_plus">
<span class="cmsmasters_toggle_plus_hor"></span>
<span class="cmsmasters_toggle_plus_vert"></span>
</span>
<a href="#">Concert day information</a>
</div>
<div class="cmsmasters_toggle">
<div class="cmsmasters_toggle_inner">
<p>Doors open 30 minutes before the concert starts. Late entry will not be permitted after the concert begins. Please be aware that restroom facilities are limited.</p>
</div>
</div>
</div></div>
<p>&nbsp;</p>

<p>Inger-Lise Ulrsrud  offers music by Brahms,  Bjørkhaug, Barraine, Franck and Ulrsrud on the church’s world-renowned Marcussen organ.</p>
